 a multiple of 89?
True
Does 488 divide 3008032?
True
Does 18 divide 578394?
True
Does 52 divide 122643?
False
Is 106615 a multiple of 58?
False
Is 413 a factor of 1087016?
True
Is 294640 a multiple of 59?
False
Does 6 divide 724529?
False
Is 285 a factor of 69818?
False
Is 6 a factor of 5093938?
False
Is 62 a factor of 711946?
True
Does 678 divide 500887?
False
Is 638 a factor of 4169745?
False
Is 1678540 a multiple of 66?
False
Is 9 a factor of 66674?
False
Is 443 a factor of 149073?
False
Does 1834 divide 559886?
False
Is 808830 a multiple of 171?
True
Is 264 a factor of 854094?
False
Is 157 a factor of 4522245?
False
Does 9 divide 3801348?
True
Is 22 a factor of 257401?
False
Is 122890 a multiple of 22?
False
Does 270 divide 952530?
False
Does 8 divide 856100?
False
Is 120 a factor of 67372?
False
Is 610 a factor of 88651?
False
Does 35 divide 76125?
True
Does 60 divide 11100?
True
Does 7 divide 23387?
True
Does 24 divide 135072?
True
Is 6930674 a multiple of 19?
False
Does 96 divide 1131706?
False
Does 8 divide 102832?
True
Does 3 divide 22070?
False
Is 7831410 a multiple of 8?
False
Is 4107 a multiple of 9?
False
Is 539364 a multiple of 296?
False
Is 806659 even?
False
Does 307 divide 69970?
False
Is 40 a factor of 20280?
True
Is 10 a factor of 4290724?
False
Is 20057 a multiple of 81?
False
Is 293552 a multiple of 372?
False
Is 955813 a multiple of 283?
False
Is 69070 a multiple of 10?
True
Does 304 divide 4285132?
False
Is 64356 even?
True
Does 210 divide 1740060?
True
Is 252774 a multiple of 27?
True
Is 200 a factor of 408000?
True
Does 53 divide 75578?
True
Is 328399 a multiple of 150?
False
Is 184 a factor of 859299?
False
Does 208 divide 309504?
True
Is 63 a factor of 163548?
True
Is 224744 a multiple of 19?
False
Does 31 divide 2598009?
False
Is 167 a factor of 332208?
False
Does 521 divide 187039?
True
Does 304 divide 115039?
False
Is 457170 a multiple of 622?
True
Is 63490 a multiple of 35?
True
Does 2550 divide 721650?
True
Is 698243 a multiple of 91?
True
Is 13 a factor of 5261880?
True
Is 169499 a multiple of 747?
False
Is 22 a factor of 471680?
True
Is 55 a factor of 22235?
False
Is 17 a factor of 1349447?
False
Is 635720 a multiple of 21?
False
Is 1849202 a multiple of 362?
False
Is 556586 a multiple of 1843?
True
Does 63 divide 233923?
False
Is 540 a factor of 84100?
False
Does 379 divide 171687?
True
Does 16 divide 5138068?
False
Is 15 a factor of 195?
True
Does 9 divide 112933?
False
Is 115 a factor of 3891527?
False
Does 220 divide 142808?
False
Is 305 a factor of 627518?
False
Does 7 divide 1534220?
False
Is 5677 a multiple of 4?
False
Is 400 a factor of 76800?
True
Is 246 a factor of 9480055?
False
Is 2914873 a multiple of 13?
True
Is 30 a factor of 196200?
True
Does 79 divide 1435615?
False
Is 489899 a multiple of 14?
False
Is 7165381 a multiple of 1641?
False
Is 105 a factor of 309540?
True
Does 9 divide 3106135?
False
Does 13 divide 128857?
False
Is 223105 a multiple of 355?
False
Does 129 divide 5388215?
False
Is 262849 a multiple of 61?
True
Is 45 a factor of 147825?
True
Is 196180 a multiple of 170?
True
Is 9279 a multiple of 35?
False
Is 668 a factor of 49645?
False
Is 5548 a multiple of 76?
True
Is 73 a factor of 510801?
False
Is 325212 a multiple of 246?
True
Is 955111 a multiple of 19?
True
Is 137 a factor of 67192?
False
Does 42 divide 697061?
False
Does 1257 divide 18519381?
True
Is 3347360 a multiple of 32?
True
Is 200221 a multiple of 361?
False
Is 27382 a multiple of 120?
False
Is 317224 a multiple of 115?
False
Does 214 divide 1670270?
True
Is 317944 a multiple of 11?
True
Does 3 divide 1173207?
True
Is 10 a factor of 4362582?
False
Does 26 divide 2902042?
True
Is 31 a factor of 56017?
True
Is 6578 a multiple of 69?
False
Is 10 a factor of 13306?
False
Is 360 a factor of 23818?
False
Is 16 a factor of 644502?
False
Is 45 a factor of 419895?
True
Is 87 a factor of 131544?
True
Is 4691162 a multiple of 706?
False
Does 31 divide 8498711?
False
Is 14 a factor of 22820?
True
Is 237 a factor of 542508?
False
Is 1408306 a multiple of 255?
False
Does 6 divide 18966?
True
Is 1844721 a multiple of 21?
False
Is 2131588 a multiple of 259?
False
Is 4 a factor of 93301?
False
Is 25 a factor of 68704?
False
Is 76 a factor of 56392?
True
Is 2328 a multiple of 388?
True
Is 345 a factor of 7414458?
False
Does 2 divide 5426?
True
Is 446462 even?
True
Is 1274786 a multiple of 229?
False
Is 17 a factor of 231302?
True
Does 20 divide 2425500?
True
Does 16 divide 24367?
False
Is 1005376 a multiple of 683?
True
Is 16769087 a multiple of 113?
True
Is 237052 a multiple of 205?
False
Is 267120 a multiple of 210?
True
Is 4076064 a multiple of 32?
True
Is 55533 a multiple of 4?
False
Is 85 a factor of 2870744?
False
Does 328 divide 1780384?
True
Does 321 divide 6251262?
False
Is 1436278 a multiple of 9?
False
Is 420 a factor of 11073720?
True
Is 19 a factor of 185554?
True
Does 7 divide 786198?
True
Is 792860 a multiple of 10?
True
Does 257 divide 328189?
True
Is 6835140 a multiple of 12?
True
Is 173 a factor of 13604816?
False
Does 33 divide 26268?
True
Does 37 divide 320301?
False
Is 1877544 a multiple of 879?
True
Does 82 divide 595812?
True
Is 274582 a multiple of 16?
False
Is 73 a factor of 86047?
False
Is 64071 a multiple of 21?
True
Is 96 a factor of 324536?
False
Is 1279715 a multiple of 211?
True
Is 65 a factor of 388960?
True
Is 430 a factor of 1043610?
True
Is 247 a factor of 7706153?
True
Is 396103 a multiple of 8?
False
Is 9168 a multiple of 6?
True
Is 57603 a multiple of 211?
True
Does 258 divide 1099596?
True
Is 11562348 a multiple of 708?
True
Is 543456 a multiple of 74?
True
Does 280 divide 298480?
True
Does 17 divide 185963?
True
Does 381 divide 210312?
True
Is 89496 a multiple of 396?
True
Is 48 a factor of 551836?
False
Does 9 divide 1172871?
True
Is 26095573 a multiple of 13?
False
Is 356 a factor of 116582?
False
Does 204 divide 29172?
True
Is 13 a factor of 1287167?
False
Is 1899246 a multiple of 31?
True
Does 9 divide 739431?
True
Is 55372 a multiple of 508?
True
Does 4 divide 255734?
False
Is 1177540 a multiple of 28?
True
Is 3493585 a multiple of 198?
False
Is 96 a factor of 65043?
False
Is 6850 a multiple of 10?
True
Is 321222 a multiple of 203?
False
Is 34786 even?
True
Is 21861 a multiple of 19?
False
Is 28 a factor of 809004?
True
Does 562 divide 137560?
False
Is 25 a factor of 15631387?
False
Is 729210 a multiple of 30?
True
Is 81 a factor of 543109?
False
Is 601 a factor of 479598?
True
Is 362429 a multiple of 13?
False
Is 4601800 a multiple of 70?
True
Does 154 divide 699930?
True
Is 79303 a multiple of 42?
False
Is 8 a factor of 2630464?
True
Does 1549 divide 29824933?
False
Is 156 a factor of 143364?
True
Is 2957469 a multiple of 233?
True
Does 12 divide 117108?
True
Is 202 a factor of 1410954?
False
Is 245547 a multiple of 87?
False
Is 187400 a multiple of 40?
True
Is 135 a factor of 1635341?
False
Does 9 divide 309276?
True
Is 397938 a multiple of 300?
False
Is 44 a factor of 4315916?
True
Is 50 a factor of 33250?
True
Does 3 divide 1832816?
False
Does 74 divide 94572?
True
Is 157 a factor of 80361?
False
Is 75517 a multiple of 13?
True
Is 6 a factor of 187343?
False
Is 78597 a multiple of 72?
False
Does 233 divide 20812969?
False
Is 13 a factor of 333619?
True
Is 305 a factor of 280679?
False
Does 3 divide 2227700?
False
Is 443 a factor of 34522?
False
Is 27 a factor of 3424356?
True
Is 4837168 a multiple of 56?
True
Is 17 a factor of 866745?
True
Does 13 divide 22217?
True
Does 870 divide 1678230?
True
Is 82845 a multiple of 105?
True
Is 15 a factor of 345258?
False
Does 67 divide 674231?
False
Does 142 divide 1328651?
False
Is 1475 a factor of 2837900?
True
Is 249 a factor of 756351?
False
Is 5 a factor of 89336?
False
Does 1153 divide 3461306?
True
Does 48 divide 51552?
True
Is 274 a factor of 5978954?
True
Does 39 divide 426024?
False
Is 3294 even?
True
Is 800 a factor of 70400?
True
Is 28221 a multiple of 69?
True
Does 200 divide 139600?
True
Is 4450462 a multiple of 56?
False
Does 22 divide 390473?
False
Does 27 divide 339030?
False
Is 1469452 a multiple of 19?
False
Is 9 a factor of 123858?
True
Does 84 divide 68964?
True
Is 2055646 a multiple of 147?
False
Is 1397800 a multiple of